76 - -781827. Is a composite?
True
Suppose -2*k + 680 = 2*k. Let r be 4*(k/119)/((-16)/(-14)). Is (3 - -2)/(r/295) prime?
False
Suppose -26102 = 5*r + 29138. Let t = -3427 - r. Is t a prime number?
True
Let a(s) = -6*s - 15. Let v be a(5). Let h be (4/12 + 0)/((-3)/v). Suppose 4*x - 7731 = -h*z, z = -2*z + 2*x + 4621. Is z a composite number?
False
Let x(w) = 1342*w**3 + 147*w**2 - 878*w + 11. Is x(6) prime?
False
Let y be (24/(-60))/(5/1875*-3). Suppose -746129 = -y*t + 59421. Is t a prime number?
True
Let u(w) = -419*w - 157. Let f be u(-29). Let y = -6455 + f. Is y a composite number?
True
Is 13428987/143*1/3 a composite number?
True
Let r = 14200 - -12882. Let p = r + -9425. Is p composite?
False
Suppose 6*c = 7*c + p + 116, -3*p = -2*c - 247. Let a = -115 - c. Is a/(-2) - ((4 - 451) + -1) prime?
False
Let h = -516 - -519. Suppose -5*t + 23565 = -10*u + 5*u, -h*u = 5*t - 23565. Is t a prime number?
False
Suppose -43800 + 5769 = -3*g. Suppose 0 = 17*t - 67580 - g. Is t a composite number?
False
Let p be 4*(-3 + 4) - (-4436)/4. Suppose 82 - 682 = 3*r. Let y = r + p. Is y prime?
False
Suppose -4*x = -109 + 81. Is (x - 6)*(-6772)/(-4) a prime number?
True
Suppose 6*b - 37979089 + 10288713 = -50*b. Is b a composite number?
False
Let q = 53546 - 19089. Is q prime?
True
Suppose 4*g + 2*q - 12026 - 6352 = 0, 0 = -5*g + q + 22969. Let f = g - 2521. Is f a composite number?
True
Suppose 3*g + d - 2253494 = 0, 0 = 1559*g - 1561*g + 2*d + 1502316. Is g prime?
False
Suppose 8695257 = 72*u + 255*u. Is u composite?
False
Suppose -4*f - 17*j = -16*j + 980, 0 = 5*f - 3*j + 1225. Let n = 752 - f. Is n composite?
False
Let w(f) be the second derivative of f**5/20 + f**4/6 + f**3/6 + f**2 - 11*f. Let b be w(-2). Suppose b*u = 4*u - 148. Is u a composite number?
False
Let b(v) = 3*v - 169. Let a(y) = -3*y + 170. Let q(d) = -3*a(d) - 2*b(d). Let z be q(0). Let l = 7 - z. Is l a composite number?
False
Suppose -2*j = 5*s - 42856, -126 = -3*s - 114. Is j a prime number?
False
Let f be (-180)/(-36) + (-3 - 1)/2. Suppose -3*s - 1908 = -f*l - 5982, 0 = -3*l + 9. Is s composite?
False
Suppose 13871294 = 204*b - 61*b - 6633619. Is b prime?
False
Let k = -8902 + 29907. Is k a composite number?
True
Is 847578/(-8)*(1624/87)/(-14) composite?
False
Let h(g) = -17*g + 2. Let v be h(1). Let k be ((-8)/6)/((-5)/v + 0). Is (-3003)/k - (-6)/24 composite?
False
Suppose -181*l + 84012280 = -25925853. Is l composite?
True
Let m be 2*(0/(-1) - 1). Let u be (106513/92)/(m/(-8)). Suppose -u = -5*r - 696. Is r a composite number?
False
Let c = 1256070 - 882763. Is c a prime number?
False
Let h(m) = m**2 - m - 2. Let k be h(2). Suppose 40*g - 33*g - 329 = k. Is g a prime number?
True
Let q(d) = d**3 + 8*d**2 + 9*d + 14. Let f be q(-7). Suppose -2*m + m + 4*i + 1312 = f, -i - 3947 = -3*m. Let j = -571 + m. Is j a prime number?
False
Let j = 65 - 54. Suppose -13 = -u - 6. Suppose j*a - 776 = u*a. Is a a prime number?
False
Suppose 35*v - 24*v = -14751. Let b = -652 - v. Is b a composite number?
True
Is (-993250)/(-10) - ((-18)/(-24))/(1/8) a prime number?
False
Let v = -423954 + 902953. Is v a prime number?
True
Let g = -537 + 339. Let h = 13 - g. Is h a prime number?
True
Let d(s) = 21*s**3 + 5*s**2 - 15*s + 7. Let i be (-1)/(-14)*4*21. Is d(i) a composite number?
True
Let b = -64653 - -93146. Is b a composite number?
False
Let h(a) = -2518*a - 571. Is h(-18) prime?
True
Let u(p) = 17*p - 61. Let a be u(4). Suppose 38*f - a*f = 390817. Is f a composite number?
True
Suppose 4*h + 0*p - 4*p = 16, 0 = -2*h + 4*p + 8. Suppose 0 = 2*o - o + 3, h*o = -4*a + 2096. Is a a composite number?
True
Let b(n) = 3*n**2 + 73*n - 119. Let u(m) = 11*m + 26*m - 108 + 49 + 2*m**2. Let t(s) = 3*b(s) - 5*u(s). Is t(25) a composite number?
False
Suppose -2*l + 2*q = -0*l - 86, -209 = -5*l + 3*q. Suppose 5*h - l = 5*n, -5*n - 35 + 10 = 0. Suppose 0 = -h*w + 259 + 614. Is w a composite number?
True
Let k(x) = -2*x**2 - 3*x + 8645. Let b be k(0). Is b/7 - -2*3 a composite number?
True
Suppose -4*h + 4*d = 4, 4*h + 0*d + 2*d - 2 = 0. Suppose 20 = 2*x - 5*u, -5*x + 50 = 2*u - h*u. Is ((-934)/3)/(x/(-15)) a prime number?
True
Let q(m) = m**2 + 11*m + 15. Let x be q(-10). Let r be (-1)/2*(-90)/9. Suppose -x*a + 9306 - 3546 = -r*f, 0 = f + 1. Is a a composite number?
False
Let x(u) = 49*u - 178. Let l be x(4). Suppose l*j + 95176 = 296002. Is j a composite number?
True
Let s = 9351 + -2706. Let j = -340 + 345. Suppose 3620 = j*b - s. Is b prime?
True
Let x(t) = 5*t - 27. Let m be x(13). Let a = m + -33. Suppose a*r - 974 = 3*r. Is r a prime number?
True
Let a = -25 - -45. Suppose 0 = -a*n + 13*n + 8596. Suppose 3*c + 4242 + n = 5*j, -5*j + 5*c + 5470 = 0. Is j composite?
True
Is 207/(-27) - 1/3 - -10855 a prime number?
True
Suppose -b + 788855 = b + 212077. Is b a composite number?
False
Suppose 107*x - 105*x = 95474. Is x prime?
True
Let p(y) = -31*y - 185. Let r be p(-6). Let k be 1/4 + (-23071)/(-4). Is r/2*3/(12/k) composite?
True
Let t(g) = 3*g**2 + 6*g - 10. Let u be t(5). Suppose 0 = -14*f + 9*f - u. Let x = f - -497. Is x prime?
False
Let o be -9*-118*2/6. Let r(c) = -7*c - 81. Let z be r(-12). Is (z/3)/(6/o) composite?
False
Suppose h + 3*q = 61733, 0 = -3*h - 7*q + 278387 - 93176. Is h prime?
True
Let w(l) = -2*l**2 - 7*l - 3. Let d(c) = -3*c**2 - 13*c - 5. Let z(u) = -3*d(u) + 5*w(u). Let s be z(4). Suppose 0 = -j - s*j + 1337. Is j composite?
True
Let m = -78 + 55. Let l = m - -27. Suppose 28 = l*g - 96. Is g prime?
True
Let c = 12857 + 302660. Is c a prime number?
True
Let d(f) = 112*f + 207. Suppose 36 = 5*l - 4*l - 4*x, 5*l - 5*x = 120. Is d(l) a composite number?
False
Let b = -9768 - -34099. Is b a composite number?
True
Let b = -40909 - -228476. Is b a composite number?
True
Suppose 3628 = -7*m - 9791. Let n = m + 2810. Is n a prime number?
False
Suppose 2931*i - 4683384 = 2859*i. Is i composite?
True
Let m(f) = 558*f**2 + 18*f - 1061. Is m(-25) prime?
True
Let s(u) = u**3 - u**2 - 2*u + 2. Let z(j) = 4*j + 22. Let w be z(-5). Let v be s(w). Suppose 3*m = -2*q + 7829, -5*m = -v*m + q - 7828. Is m a prime number?
True
Suppose -c + 0*s = -s - 3, 5 = 3*c - 2*s. Let y(n) = -8449*n + 16. Is y(c) composite?
True
Suppose 13554 - 3854 = 4*s. Suppose 0 = 160*o - 155*o - s. Is o composite?
True
Is (-664237693)/(-1928) + 10/(-16) a prime number?
False
Suppose 4*p - 6358 = 5*k, -3*p = 5*k - k - 4753. Let j(d) = d - 5. Let l be j(5). Suppose -2*h - 531 = -v - l*h, -3*v + p = -3*h. Is v composite?
True
Let a = 1429 - 7344. Let v = -3193 - a. Is v prime?
False
Suppose -4*a = -19 + 7. Suppose 238 = -f - a. Let c = f + 506. Is c a composite number?
True
Suppose t + 155 = -4*t. Let q = 33 + t. Suppose -5*n - a = q*a - 4571, 0 = 5*a - 10. Is n composite?
True
Suppose -6 = m + 33. Let a = -7 - m. Let v = 181 - a. Is v a composite number?
False
Let f be (0 - -2)/(-13 + 28/2). Suppose f*h + 3*o = 3329, -3*o = -13 - 2. Is h composite?
False
Suppose -2202430 = -35*o + 431985. Is o a prime number?
True
Let x(v) = 1465*v**3 - v**2 - 98*v + 547. Is x(6) composite?
False
Let u be ((-10)/15 - 67/3)*-1. Suppose u*l + 14175 = 3*j + 26*l, -5*j = l - 23609. Is j prime?
True
Suppose 5*d - q - 3324526 = 0, 4*d - 24*q - 2659655 = -27*q. Is d a composite number?
True
Suppose -t + 28482 = -2*y, -4*t + 4*y = 10501 - 124409. Suppose t = 4*r - 3*v, -2*r = -4*r - 2*v + 14250. Is r a prime number?
True
Suppose 2*m = 30*m - 112. Is m/18 - (7 + (-20104)/9) a prime number?
False
Let g = 1095973 + -658466. Is g a prime number?
False
Let i(y) = -2*y**2 - y + 464. Let w be i(0). Suppose -2*t = 2*a - 2176, -a - 5*t = -w - 628. Is a a composite number?
False
Suppose -34*j - 42 = -55*j. Suppose -n = 5*d - 3629 - 1044, 3*n - j*d = 13985. Is n a prime number?
True
Let z be 12/((-1)/(785/(-10))). Suppose -3*f = 3*f - z. Is f prime?
True
Let l(u) be the third derivative of 15*u**2 + 37/24*u**4 - 7/3*u**3 + 0 + 0*u. Is l(9) composite?
True
Suppose 0 = -5*p - t + 59640, p - 11949 = -127*t + 131*t. Is p a prime number?
False
Let q(g) be the first derivative of 2*g**3/3 - 33*g**2/2 + 1. Suppose -3*o - 4*i = 65, 0 = -3*o + 6*i - 4*i - 53. Is q(o) composite?
True
Suppose -2*r = 10 - 14. Suppose a = 4*c - 117030, -a - 4 + r = 0. Is c prime?
False
Let z = 